{"id":11,"date":"2022-03-06T20:37:40","date_gmt":"2022-03-06T20:37:40","guid":{"rendered":"http:\/\/ciencias.colegiolossamanes.edu.co\/?page_id=11"},"modified":"2025-06-13T14:17:16","modified_gmt":"2025-06-13T14:17:16","slug":"blog-de-ciencias-colegio-los-samanes","status":"publish","type":"page","link":"https:\/\/ciencias.colegiolossamanes.edu.co\/","title":{"rendered":"Blog de Ciencias Colegio Los Samanes 2022 &#8211; 2024"},"content":{"rendered":"\n<h3 class=\"wp-block-heading has-theme-palette-3-color has-text-color has-background\" style=\"background-color:#f0f5ff\">\ud83c\udf3f El Blog de Ciencias es el espacio donde compartimos aprendizajes y experiencias relacionadas con el maravilloso mundo de las ciencias naturales y la educaci\u00f3n ambiental&#8230;\ud83c\udf3f<\/h3>\n\n\n\n<div style=\"height:30px\" aria-hidden=\"true\" class=\"wp-block-spacer\"><\/div>\n\n\n\n<div class=\"wp-block-columns is-layout-flex wp-container-core-columns-is-layout-9d6595d7 wp-block-columns-is-layout-flex\">\n<div class=\"wp-block-column is-layout-flow wp-block-column-is-layout-flow\">\n<figure class=\"wp-block-image size-full\"><img loading=\"lazy\" decoding=\"async\" width=\"370\" height=\"245\" src=\"http:\/\/ciencias.colegiolossamanes.edu.co\/wp-content\/uploads\/2022\/03\/seccion-primaria.png\" alt=\"\" class=\"wp-image-46\" srcset=\"https:\/\/ciencias.colegiolossamanes.edu.co\/wp-content\/uploads\/2022\/03\/seccion-primaria.png 370w, https:\/\/ciencias.colegiolossamanes.edu.co\/wp-content\/uploads\/2022\/03\/seccion-primaria-300x199.png 300w\" sizes=\"auto, (max-width: 370px) 100vw, 370px\" \/><\/figure>\n\n\n\n<h2 class=\"wp-block-heading\">Secci\u00f3n Primaria<\/h2>\n\n\n\n<div class=\"wp-block-buttons is-layout-flex wp-block-buttons-is-layout-flex\">\n<div class=\"wp-block-button\"><a class=\"wp-block-button__link wp-element-button\" href=\"http:\/\/ciencias.colegiolossamanes.edu.co\/index.php\/category\/seccion-primaria\/\">Ir a la secci\u00f3n<\/a><\/div>\n<\/div>\n\n\n\n<figure class=\"wp-block-image size-full\"><img loading=\"lazy\" decoding=\"async\" width=\"370\" height=\"245\" src=\"http:\/\/ciencias.colegiolossamanes.edu.co\/wp-content\/uploads\/2022\/08\/eduas-1.gif\" alt=\"\" class=\"wp-image-187\"\/><\/figure>\n\n\n\n<h2 class=\"wp-block-heading\">Educaci\u00f3n Sexual<\/h2>\n\n\n\n<div class=\"wp-block-buttons is-layout-flex wp-block-buttons-is-layout-flex\">\n<div class=\"wp-block-button\"><a class=\"wp-block-button__link wp-element-button\" href=\"http:\/\/ciencias.colegiolossamanes.edu.co\/index.php\/category\/educacion-sexual\/\">Ir a la secci\u00f3n<\/a><\/div>\n<\/div>\n\n\n\n<div style=\"height:20px\" aria-hidden=\"true\" class=\"wp-block-spacer\"><\/div>\n<\/div>\n\n\n\n<div class=\"wp-block-column is-layout-flow wp-block-column-is-layout-flow\">\n<figure class=\"wp-block-image size-full\"><img loading=\"lazy\" decoding=\"async\" width=\"370\" height=\"245\" src=\"http:\/\/ciencias.colegiolossamanes.edu.co\/wp-content\/uploads\/2022\/03\/bachillerato.png\" alt=\"\" class=\"wp-image-53\" srcset=\"https:\/\/ciencias.colegiolossamanes.edu.co\/wp-content\/uploads\/2022\/03\/bachillerato.png 370w, https:\/\/ciencias.colegiolossamanes.edu.co\/wp-content\/uploads\/2022\/03\/bachillerato-300x199.png 300w\" sizes=\"auto, (max-width: 370px) 100vw, 370px\" \/><\/figure>\n\n\n\n<h2 class=\"wp-block-heading\">Secci\u00f3n Bachillerato<\/h2>\n\n\n\n<div class=\"wp-block-buttons is-layout-flex wp-block-buttons-is-layout-flex\">\n<div class=\"wp-block-button\"><a class=\"wp-block-button__link wp-element-button\" href=\"http:\/\/ciencias.colegiolossamanes.edu.co\/index.php\/category\/seccion-bachillerato\/\">Ir a la secci\u00f3n<\/a><\/div>\n<\/div>\n\n\n\n<figure class=\"wp-block-image size-full\"><img loading=\"lazy\" decoding=\"async\" width=\"370\" height=\"245\" src=\"http:\/\/ciencias.colegiolossamanes.edu.co\/wp-content\/uploads\/2022\/08\/2ca.gif\" alt=\"\" class=\"wp-image-188\"\/><\/figure>\n\n\n\n<h2 class=\"wp-block-heading\">Proyecto Cavfish<\/h2>\n\n\n\n<div class=\"wp-block-buttons is-layout-flex wp-block-buttons-is-layout-flex\">\n<div class=\"wp-block-button\"><a class=\"wp-block-button__link wp-element-button\" href=\"http:\/\/ciencias.colegiolossamanes.edu.co\/index.php\/category\/proyecto-cavfish\/\">Ir a la secci\u00f3n<\/a><\/div>\n<\/div>\n\n\n\n<div style=\"height:20px\" aria-hidden=\"true\" class=\"wp-block-spacer\"><\/div>\n<\/div>\n\n\n\n<div class=\"wp-block-column is-layout-flow wp-block-column-is-layout-flow\">\n<figure class=\"wp-block-image size-full\"><img loading=\"lazy\" decoding=\"async\" width=\"370\" height=\"245\" src=\"http:\/\/ciencias.colegiolossamanes.edu.co\/wp-content\/uploads\/2022\/03\/ambiental.png\" alt=\"\" class=\"wp-image-51\" srcset=\"https:\/\/ciencias.colegiolossamanes.edu.co\/wp-content\/uploads\/2022\/03\/ambiental.png 370w, https:\/\/ciencias.colegiolossamanes.edu.co\/wp-content\/uploads\/2022\/03\/ambiental-300x199.png 300w\" sizes=\"auto, (max-width: 370px) 100vw, 370px\" \/><\/figure>\n\n\n\n<h2 class=\"wp-block-heading\">Educaci\u00f3n Ambiental<\/h2>\n\n\n\n<div class=\"wp-block-buttons is-layout-flex wp-block-buttons-is-layout-flex\">\n<div class=\"wp-block-button\"><a class=\"wp-block-button__link wp-element-button\" href=\"http:\/\/ciencias.colegiolossamanes.edu.co\/index.php\/category\/ambiental\/\">Ir a la secci\u00f3n<\/a><\/div>\n<\/div>\n\n\n\n<figure class=\"wp-block-image size-full\"><img loading=\"lazy\" decoding=\"async\" width=\"370\" height=\"245\" src=\"https:\/\/ciencias.colegiolossamanes.edu.co\/wp-content\/uploads\/2023\/06\/iconos-blog.gif\" alt=\"\" class=\"wp-image-491\"\/><\/figure>\n\n\n\n<h2 class=\"wp-block-heading\">SIBCOLS <\/h2>\n\n\n\n<div class=\"wp-block-buttons is-layout-flex wp-block-buttons-is-layout-flex\">\n<div class=\"wp-block-button\"><a class=\"wp-block-button__link wp-element-button\" href=\"https:\/\/ciencias.colegiolossamanes.edu.co\/index.php\/category\/sicols\/\">Ir a la secci\u00f3n<\/a><\/div>\n<\/div>\n\n\n\n<div style=\"height:20px\" aria-hidden=\"true\" class=\"wp-block-spacer\"><\/div>\n<\/div>\n<\/div>\n\n\n\n<hr class=\"wp-block-separator has-text-color has-css-opacity has-background aligncenter is-style-wide\" style=\"background-color:#c8d8ff;color:#c8d8ff\"\/>\n\n\n\n<div style=\"height:20px\" aria-hidden=\"true\" class=\"wp-block-spacer\"><\/div>\n\n\n\n<div class=\"wp-block-cover\" style=\"min-height:300px;aspect-ratio:unset;\"><img loading=\"lazy\" decoding=\"async\" width=\"1242\" height=\"241\" class=\"wp-block-cover__image-background wp-image-57\" alt=\"\" src=\"http:\/\/ciencias.colegiolossamanes.edu.co\/wp-content\/uploads\/2022\/03\/flora-samanes.jpg\" style=\"object-position:48% 78%\" data-object-fit=\"cover\" data-object-position=\"48% 78%\" srcset=\"https:\/\/ciencias.colegiolossamanes.edu.co\/wp-content\/uploads\/2022\/03\/flora-samanes.jpg 1242w, https:\/\/ciencias.colegiolossamanes.edu.co\/wp-content\/uploads\/2022\/03\/flora-samanes-300x58.jpg 300w, https:\/\/ciencias.colegiolossamanes.edu.co\/wp-content\/uploads\/2022\/03\/flora-samanes-1024x199.jpg 1024w, https:\/\/ciencias.colegiolossamanes.edu.co\/wp-content\/uploads\/2022\/03\/flora-samanes-768x149.jpg 768w\" sizes=\"auto, (max-width: 1242px) 100vw, 1242px\" \/><span aria-hidden=\"true\" class=\"wp-block-cover__background has-background-dim-70 has-background-dim\" style=\"background-color:#029941\"><\/span><div class=\"wp-block-cover__inner-container is-layout-flow wp-block-cover-is-layout-flow\">\n<h2 class=\"wp-block-heading has-text-align-center has-larger-font-size\" style=\"line-height:1.3\">\ud83c\udf00 Conoce la flora de nuestro colegio<\/h2>\n\n\n\n<div class=\"wp-block-buttons is-content-justification-center is-layout-flex wp-container-core-buttons-is-layout-16018d1d wp-block-buttons-is-layout-flex\">\n<div class=\"wp-block-button\"><a class=\"wp-block-button__link wp-element-button\" href=\"http:\/\/ciencias.colegiolossamanes.edu.co\/index.php\/category\/flora-samanes\/\">Ir a Flora Samanes<\/a><\/div>\n<\/div>\n<\/div><\/div>\n\n\n\n<div class=\"wp-block-group\"><div class=\"wp-block-group__inner-container is-layout-flow wp-block-group-is-layout-flow\"><\/div><\/div>\n\n\n\n<div class=\"wp-block-group\"><div class=\"wp-block-group__inner-container is-layout-flow wp-block-group-is-layout-flow\"><\/div><\/div>\n","protected":false},"excerpt":{"rendered":"<p>\ud83c\udf3f El Blog de Ciencias es el espacio donde compartimos aprendizajes y experiencias relacionadas con el maravilloso mundo de las ciencias naturales y la educaci\u00f3n ambiental&#8230;\ud83c\udf3f Secci\u00f3n Primaria Educaci\u00f3n Sexual Secci\u00f3n Bachillerato Proyecto Cavfish Educaci\u00f3n Ambiental SIBCOLS<\/p>\n","protected":false},"author":1,"featured_media":579,"parent":0,"menu_order":0,"comment_status":"closed","ping_status":"closed","template":"","meta":{"_kad_post_transparent":"","_kad_post_title":"","_kad_post_layout":"","_kad_post_sidebar_id":"","_kad_post_content_style":"","_kad_post_vertical_padding":"","_kad_post_feature":"","_kad_post_feature_position":"","_kad_post_header":false,"_kad_post_footer":false,"footnotes":""},"class_list":["post-11","page","type-page","status-publish","has-post-thumbnail","hentry"],"_links":{"self":[{"href":"https:\/\/ciencias.colegiolossamanes.edu.co\/index.php\/wp-json\/wp\/v2\/pages\/11","targetHints":{"allow":["GET"]}}],"collection":[{"href":"https:\/\/ciencias.colegiolossamanes.edu.co\/index.php\/wp-json\/wp\/v2\/pages"}],"about":[{"href":"https:\/\/ciencias.colegiolossamanes.edu.co\/index.php\/wp-json\/wp\/v2\/types\/page"}],"author":[{"embeddable":true,"href":"https:\/\/ciencias.colegiolossamanes.edu.co\/index.php\/wp-json\/wp\/v2\/users\/1"}],"replies":[{"embeddable":true,"href":"https:\/\/ciencias.colegiolossamanes.edu.co\/index.php\/wp-json\/wp\/v2\/comments?post=11"}],"version-history":[{"count":39,"href":"https:\/\/ciencias.colegiolossamanes.edu.co\/index.php\/wp-json\/wp\/v2\/pages\/11\/revisions"}],"predecessor-version":[{"id":684,"href":"https:\/\/ciencias.colegiolossamanes.edu.co\/index.php\/wp-json\/wp\/v2\/pages\/11\/revisions\/684"}],"wp:featuredmedia":[{"embeddable":true,"href":"https:\/\/ciencias.colegiolossamanes.edu.co\/index.php\/wp-json\/wp\/v2\/media\/579"}],"wp:attachment":[{"href":"https:\/\/ciencias.colegiolossamanes.edu.co\/index.php\/wp-json\/wp\/v2\/media?parent=11"}],"curies":[{"name":"wp","href":"https:\/\/api.w.org\/{rel}","templated":true}]}}